 (-5)/(-2)*204/85. What is the hundreds digit of (g*45/(-27))/(1/(-30))?
3
Suppose -16*t + 5 = 5. Suppose -16 = -4*d, -382 = -2*u - t*d + d. What is the units digit of u?
3
Suppose o + 6 = 3*i, 9*o - 5*i = 4*o - 10. Suppose o = -2*y - 3*v + 3787, -5*y - 6*v + 9440 = -4*v. What is the tens digit of y?
8
Suppose 0 = -22*s + 10*s + 204. Suppose -15*z = -s*z + 598. What is the units digit of z?
9
What is the ten thousands digit of (-3 - 12/12)*(13567/(-4) + -2)?
1
Suppose 635*b - 634*b = k - 8875, 0 = -3*k - b + 26625. What is the units digit of k?
5
Suppose k + 8123 = 2*p, 0 = -4*p + 12*k - 9*k + 16241. What is the hundreds digit of p?
0
Let g = -830 + 4274. What is the tens digit of g?
4
Let d = -212 + 214. Suppose -4*b = -3*x + 1518, d*x - 4*b + 506 = 3*x. What is the hundreds digit of x?
5
Suppose -5*w = 0, 3*c = -152*w + 148*w + 8592. What is the units digit of c?
4
Let w(b) = 21*b**2 + 8*b - 8. Let x be w(-6). Let l = x - 379. What is the tens digit of l?
2
Let d be (3/(-9))/(-1*(-2)/(-2082)). Suppose 4*c = 5*f + 3515, -4*f - 4058 = -5*c + d. What is the tens digit of 1/(3545/c + -4)?
7
Suppose 0 = 9*c - 1304 - 33814. What is the tens digit of c?
0
Let f be -19 + 22 - (-6)/(-2). Suppose -a + 10*a - 693 = f. What is the tens digit of a?
7
Let c(g) = 270*g**2 + 191*g + 899. What is the hundreds digit of c(-5)?
6
Let u = -18352 - -31763. What is the units digit of u?
1
Let a(x) = -2*x**3 - 32*x**2 - x + 73. What is the tens digit of a(0)?
7
Suppose -44*t + 46*t = 8. Suppose -4*o + 3*z + 183 + 277 = 0, 575 = 5*o - t*z. Suppose 0 = -5*s - k + 100 + 37, o = 4*s - k. What is the tens digit of s?
2
Let l be (-18)/(-10)*(-35)/(-21). Suppose 10*i - 780 = 7*i - l*u, -5*i + 1320 = u. What is the units digit of i?
5
Let x(f) = -f - 7. Let u be x(-11). Let o = -261 - -265. What is the units digit of 890/o*u/10?
9
Let a = -73 - -135. Suppose a = 6*i - 904. Suppose -j + 164 = 2*o, 6*j - 5*j + 5*o - i = 0. What is the tens digit of j?
6
Let o be 1/(-2) + (-19)/(-38). Suppose y + t - 97 = o, -4*y - y + t = -491. What is the tens digit of y?
9
Suppose 4*p + 2*x - 29158 = 0, -143*x = 5*p - 140*x - 36449. What is the hundreds digit of p?
2
Let v = 261 + -231. Suppose -17*q = -v*q + 13819. What is the hundreds digit of q?
0
Suppose 56*j = 479224 - 113768. What is the units digit of j?
6
Let o = 14868 + -7340. What is the tens digit of o?
2
Let m = 186 - 78. Let o = 368 + m. What is the hundreds digit of o?
4
Let w(i) = 5*i - 43. Let k be w(9). Suppose -k*p + 203 = -193. Suppose -p - 57 = -2*t - c, 260 = 2*t + 2*c. What is the tens digit of t?
2
Let q = -22702 - -34172. What is the thousands digit of q?
1
Suppose 399723 = 34*x - 2293. What is the tens digit of x?
2
Let j(f) be the third derivative of f**5/10 - 2*f**4/3 - 127*f**3/6 - 142*f**2. What is the tens digit of j(-11)?
7
Suppose -2 - 10 = -2*r. Suppose -x - 12 + r = 0. What is the tens digit of (-14 + x/(-2))*-11?
2
Suppose -23850 = -3*f - 3*c, 0 = -f + 72*c - 71*c + 7946. What is the tens digit of f?
4
Let d(x) = -63*x - 40. Let w be d(-7). Let s = 316 + w. What is the units digit of s?
7
Let f(b) = -259*b + 919. What is the units digit of f(-16)?
3
Let a(v) = -v - 3. Let n be a(-5). Suppose j - 774 = -n*j. What is the hundreds digit of j?
2
Suppose 4*r = -3*b + 86, 0 = b - 4*b - 2*r + 76. Let i be 3/(-6) + 7249/b. Suppose i = -5*s + 974. What is the hundreds digit of s?
1
Let h = -341 + 836. Suppose 2*y = b - 1302 - h, -5*y = -15. What is the tens digit of b?
0
Let k(q) = q**3 + 4*q**2 + 9*q - 17. Let a be k(-7). Let g = a + 380. What is the units digit of g?
3
What is the hundreds digit of 0 + ((3291342/(-17))/(-3) - 22/187)?
5
Suppose 181*v - 359*v - 40115 = -183*v. What is the units digit of v?
3
Suppose 3*w - 312 = 3*q, 0 = -5*w + 2*q - 0*q + 508. Let g = 102 - w. Suppose 0 = d - 4*i - 176, -2*d + 187 = g*i - 125. What is the units digit of d?
0
Let f(s) = 2*s**2 - 37*s + 5421. What is the units digit of f(70)?
1
Let u = -1381 + 2069. Suppose -u = 6*m - 8*m - 2*i, -4*i = -4*m + 1408. What is the tens digit of m?
4
Let j(w) = -w**3 - 2*w**2 - 5*w - 15. Let b be j(-7). Suppose h + b - 829 = 0. What is the units digit of h?
4
Let h(i) = -2*i**3 + 44*i**2 + i - 15. Let g be ((-15)/(-2) - 9)/(1/(-14)). What is the tens digit of h(g)?
8
Let b = -82811 + 124049. What is the tens digit of b?
3
What is the units digit of -9 - (13 + (-3866 - 11))?
5
Let n = 697 - 205. Let q = -698 + n. Let t = -139 - q. What is the tens digit of t?
6
Suppose -4*u - 5*c = -38523, 9*u - 93537 + 6851 = -2*c. What is the tens digit of u?
3
What is the tens digit of (99/(-18) - -4)/(6/(-20484))?
2
Let q = 17 - 14. Let k(n) = 4 - 7*n**2 + 4*n + 13 - n**q - 5*n. What is the units digit of k(-8)?
9
Let v(x) be the first derivative of 65*x**2/2 - x + 1. Let w = -19913 + 19915. What is the units digit of v(w)?
9
Let l = -53057 + 74720. What is the ten thousands digit of l?
2
Let v(z) be the first derivative of -3*z**2/2 - 9*z + 8. Let h be v(-3). Suppose h = f - 4*f + 297. What is the units digit of f?
9
Let f be (-7)/(-21) + (-28)/(-6). Suppose -7*z = f - 26. Suppose -z*c + l = -6*c + 194, -2*c = -3*l - 122. What is the tens digit of c?
6
What is the ten thousands digit of (-1617026)/(-32) + (-21)/(-3360)*-10?
5
Let w(z) = 3*z**3 - 14*z**2 - 2*z + 12. Let b be w(5). Suppose b*o - 4046 = 10*o. What is the hundreds digit of o?
2
Let o(u) = 79*u - 915. What is the hundreds digit of o(30)?
4
Suppose -85 = -12*b - 709. Let z = 55 + b. Suppose 0 = -z*a + p + 14, -5*a - p = -5*p - 21. What is the units digit of a?
5
Suppose 4*n - 4484 = -3*i, -4*i + 3*n = 36 - 6023. Suppose 7*d = 4*k + 4*d - i, -5*k + 1839 = 4*d. What is the tens digit of k?
7
Let k = -1997 - -3206. What is the tens digit of (4 - (-44)/(-12))*k + 3?
0
Let d(j) be the third derivative of j**4/2 + 107*j**3/6 - 78*j**2. What is the units digit of d(18)?
3
What is the thousands digit of (-794325)/(-126) - (-7)/(-6)?
6
Let n be -5 + 5 - (-1 - 2). Suppose -4 = -2*c, 5*c = -n*s + 295 + 642. What is the units digit of s?
9
Let u = -2792 - -13416. What is the units digit of u?
4
Suppose 0 = -7*i + 5*i - 2. Let o be i/(-3) - 62/(-3). Suppose -o*c + 23*c = 136. What is the units digit of c?
8
Let f = 183060 + -124579. What is the hundreds digit of f?
4
Let d be ((-17)/(-34))/((-2)/240). What is the units digit of ((624/d)/(-13))/((-2)/(-1585))?
4
Let b = -226 + 228. Suppose -c + 828 = -s, -1654 = -2*c + b*s + s. What is the units digit of c?
0
Let c be (20 + -12)*(-926 - 4)/(-3). Let r = -1668 + c. What is the hundreds digit of r?
8
Suppose -2*k = -n - 43444, -507*k + 510*k + 5*n - 65218 = 0. What is the units digit of k?
6
Let v(l) = -7*l - 37. Let s be v(-6). Let w be (-6)/(3/3 + s/(-2)). Suppose 3*t + w*z = 622, 3*t + 5*z - 541 = 79. What is the units digit of t?
0
Suppose 0 = -0*x + 5*x. Let j = 398 - 38. Suppose x = -21*l + 17*l + j. What is the units digit of l?
0
Let w be 24/(-36)*(-18)/4. Suppose -w*s - 4*l + 64 = 2*s, 0 = 3*s - 2*l - 56. Suppose 4*y - s = -2*m - 6, -4*m + 40 = 3*y. What is the tens digit of m?
1
Let h(t) = -65*t**3 + 24*t**2 + 28*t + 127. What is the hundreds digit of h(-7)?
4
Suppose 0 = -12*n + 183*n - 2148273. What is the ten thousands digit of n?
1
Let y(l) = 73*l - 135*l + 91 + 64*l. What is the units digit of y(-16)?
9
Let s = -2 - -153. Let h = 290 - s. What is the tens digit of h?
3
Let v be (-8)/24 + 437/(-3) + 0. Let o = -40 - v. What is the tens digit of o?
0
Suppose 6*t - 2 = 11*t - 3*d, -t + 3*d - 10 = 0. What is the units digit of t*4/(-32) + (-2653)/(-4)?
3
Suppose -x - 4 = -2*b, 5 = 4*x + 2*b + 1. Suppose -15 = 3*r, -2*m - m - 3*r - 12 = x. What is the units digit of m?
1
Let q(a) = -a - a + 10 - a**2 + a**2 + 3*a**2. Let x be q(6). Suppose -306 = -3*h + 3*c, -2*c = -h + c + x. What is the tens digit of h?
0
Let b(l) = l**2 + 2*l - 56. Let c be b(0). Let v = c + 251. Let y = -97 + v. What is the tens digit of y?
9
Suppose -f = -4*x + 10, x + 4*f = 3*f. Suppose 3*b - 3624 = -2*v - v, x*b - 2420 = -v. What is the hundreds digit of b?
2
Suppose -2*v + 64598 = 8*m - 3*m, 5*v - 161444 = -4*m. What is the ten thousands digit of v?
3
Let j = 87 - 82. Suppose 1538 = 4*t + 3*m - 6*m, 0 = j*t - 3*m - 1921. What is the tens digit of t?
8
Let i(d) = -1